))/((-1*(-2)/3)/4)?
30
Let w = 260 - 211. Let t = 99 - w. Calculate the remainder when t is divided by 26.
24
Let j = -28 + 30. Suppose -j*g = 38 + 86. Let x = g + 117. Calculate the remainder when x is divided by 14.
13
Let h = 7055 - 6830. Calculate the remainder when h is divided by 57.
54
Let b be (4 + -52 + 13)*(0 - 1). Suppose 3*c - 54 = 2*h - 16, -3*c - h = -b. What is the remainder when 12 is divided by c?
0
Let b(t) = t**3 - 28*t**2 + 69*t - 198. What is the remainder when b(28) is divided by 21?
12
Suppose -z - 120 = -4*t + 79, -3*t - 2*z + 152 = 0. Calculate the remainder when 3 - (-6 + t)*-1 is divided by 6.
5
Suppose 0 = -6*p + 62 + 370. Calculate the remainder when p is divided by 24/(-36) + (-185)/(-3)*1.
11
Suppose 4*p = 2*d + 12, 0*p + 3*d - 10 = -p. Suppose 5*o - 15 = 0, -g + 746 = p*g - 3*o. What is the remainder when g is divided by 42?
25
Calculate the remainder when 789 is divided by 6/(-42) - 3470/(-15)*3/7.
96
Let f(i) = -3*i**3 - 8*i**2 + 3*i + 2. Let j be f(-3). Suppose -j*x + 74 = 4*g, 4*x - 188 = -5*g - 46. What is the remainder when 65 is divided by x?
32
Suppose -36*b + 5*b + 961 = 0. Suppose h + 365 = 4*w + 6*h, 2*h + 178 = 2*w. Calculate the remainder when w is divided by b.
28
Suppose 0 = 86*p - 84*p - 280. Suppose 0 = -j - 3*j + p. What is the remainder when 241 is divided by j?
31
Let g = 4868 + -4153. What is the remainder when g is divided by 90?
85
Let j(o) = 10*o - 4. Let u = -206 + 194. What is the remainder when j(5) is divided by (48/14)/(u/(-42))?
10
Suppose -4*j - 147*z = -152*z - 208, -5*z - 94 = -2*j. Calculate the remainder when 163 is divided by j.
49
Let y = -29260 - -30151. Calculate the remainder when y is divided by 171.
36
Suppose 2*x + 1079 = -3*h + 1133, -x = 3*h - 33. What is the remainder when x is divided by 5?
1
Suppose 0 = -34*o + 163 + 143. Suppose -o*h = 8*h - 680. Calculate the remainder when 41 is divided by h.
1
Let b = -156 - -175. Suppose -26 = -5*u - 11. Calculate the remainder when (u + -5)*65/(-2) is divided by b.
8
Let w(j) be the first derivative of j**2/2 + 21*j + 5. Let l be w(9). Calculate the remainder when l/(-4)*96/(-10) is divided by 37.
35
Let w = 84792 - 84773. Let o = 146 - 76. What is the remainder when o is divided by w?
13
Suppose 4*n - 5*i - 564 = 0, -22*n + 18*n = -2*i - 576. Calculate the remainder when 2918 is divided by n.
144
Let x be (-9)/(-6 + 9) - -5. Suppose x*n - 5*t = 26 + 9, -115 = -4*n - 5*t. Calculate the remainder when n is divided by 13.
12
Suppose 2799 = -12*r + 5731 - 2824. What is the remainder when r is divided by -1 + 2 + (1 - -4)?
3
Suppose 132*o + 1050 = 146*o. Calculate the remainder when 745 is divided by o.
70
Suppose 88 = 4*o - 3*x - 457, -390 = -3*o - 4*x. Let d(i) = -7*i**2 + i + 21. Let k be d(7). Let y = k + 342. What is the remainder when o is divided by y?
26
Let i = 1775 - 1712. What is the remainder when 377 is divided by i?
62
Let z be (-6)/(-3) + 1/(-4)*0. Suppose 4*t + 76 = 9*w - 4*w, -5*w + 52 = z*t. Calculate the remainder when 42 is divided by w.
6
Suppose 229*h = 207*h + 2904. What is the remainder when 257 is divided by h?
125
Let m(k) = 2*k**3 + 16*k**2 + 9*k - 34. Let o be m(-7). Calculate the remainder when 145 is divided by (19 + 11)/(2 - o).
25
Let y(s) = 15 - 2*s + 135*s**3 - 134*s**3 + 4*s**2 - 3. Suppose 7*n - 3*n + 16 = 0. Calculate the remainder when 35 is divided by y(n).
15
Let b(l) = -l**2 - 12*l + 17. Let r be b(-14). Let q = r + 23. Let w(k) = k**3 - 11*k**2 - 6*k - 38. Calculate the remainder when w(12) is divided by q.
10
Let n = 2753 - 2717. Calculate the remainder when n is divided by 25.
11
Suppose 0 = -777*c + 751*c + 35178. Calculate the remainder when c is divided by 450.
3
Suppose -9*q - 170 = -43*q. Suppose 10*v = q + 115. Let i = -17 + 40. Calculate the remainder when i is divided by v.
11
Calculate the remainder when (1144/(-429))/(2/(-978)) is divided by 254.
34
Let x(o) = -196*o**3 + 4*o + 9. Let b be x(-2). Suppose 9*l = -525 + b. Calculate the remainder when l is divided by 30.
26
Suppose -4*g - 3*w = 78, -2*g - 4*w - 97 = 3*g. Let t = g - -25. Suppose -277 = -t*n - 101. What is the remainder when n is divided by 15?
14
Let u(g) = -g**2 + 9*g - 3. Let a(y) = 5*y + 63. Let d be a(-14). Calculate the remainder when (-618)/d + (-6)/21 is divided by u(6).
13
Suppose -8*l - 2*l = -4640. Let q = 480 - l. What is the remainder when 127 is divided by q?
15
Let k = -224 + 228. What is the remainder when 24 is divided by (-1 - (1 + -2)) + k?
0
Let v = 7 - 2. Suppose -69*q - 6*q = -375. Suppose -v*j = 4*w - 145, q*j + 0*w = w + 170. Calculate the remainder when j is divided by 22.
11
Let s(b) = 197*b - 371. Suppose 0 = c - 2*c + 29. Let r = c - 16. What is the remainder when s(2) is divided by r?
10
Let c = -3420 - -3789. What is the remainder when c is divided by 75?
69
Calculate the remainder when (-4)/10 - 6208/(-20) is divided by (-144)/(-3) + 49 + -102 + 40.
30
Suppose 93*o + 252 = 102*o. Calculate the remainder when 5 - (-4 - -5)*-118 is divided by o.
11
Let o = -288190 + 288193. Suppose 0*c - 5*c + 260 = 0. Suppose -4*m + c = -5*y, -3*m + 7*y = 3*y - 38. What is the remainder when m is divided by o?
0
Let g(t) = -t**3 + 13*t**2 + 14*t + 1. Let r be g(14). Suppose -h - 14*w = -11*w - 21, -h + r = -2*w. Calculate the remainder when 176 is divided by h.
5
Suppose -3*m - 45 = -t, 0*m + 14 = -2*m. Calculate the remainder when 4511 is divided by t.
23
Let f(t) = 43*t - 1. Let x be f(-15). Let g = x - -656. What is the remainder when 117 is divided by g?
7
Let f(u) be the second derivative of 7*u**3/6 - 62*u**2 - 112*u. What is the remainder when 143 is divided by f(28)?
71
Let u(i) = -10*i**2 - 5*i + 14. Let g be u(3). Let y = -58 - g. What is the remainder when y is divided by 3?
0
Suppose -2*k = -6*k - 2*o + 28, -2*k + 3*o = -22. Suppose -k*q + 3*q + 9 = g, -5*g + q + 149 = 0. What is the remainder when 56 is divided by g?
27
Let d(t) = t**3 + 10*t**2 + 19*t + 23. Let s be d(-7). Let h = s - 8. Calculate the remainder when h is divided by 8.
5
Let j(w) = w**2 - 43*w + 435. What is the remainder when 2 + (3 - 51/(-1)) is divided by j(29)?
27
Suppose -11*l + 9*l = -202. Calculate the remainder when l is divided by 0 + 5/(15/21).
3
Suppose -6*b - 6 = -4*b, 0 = -2*c + 2*b + 224. What is the remainder when 342 is divided by c?
15
Suppose 5*r = 16 - 1. Suppose 0 = -3*g + 5*p + 87, 3*p + 6 = r*g - 75. What is the remainder when (-86)/2*(13 - 14) is divided by g?
19
Suppose 4*v - 4*c = -914 + 1058, 4*v - 104 = -c. What is the remainder when 369 is divided by v?
5
Let d(c) = c**2 - 3*c - 3. Let k be (10 - (-20)/(-4))*(-3 + 4). Suppose 251 - 46 = k*i. Calculate the remainder when i is divided by d(5).
6
Calculate the remainder when 5607/28 - 55/44 is divided by 39.
4
Let k(b) = -3*b**2 + 16*b + 17. Let x(t) = 4*t**2 - 15*t - 17. Let y(g) = 7*k(g) + 6*x(g). What is the remainder when y(-10) is divided by 34?
29
Suppose -r + 0*u + 16 = u, 11 = 2*r - 5*u. Let l = 154492 + -154488. Calculate the remainder when r is divided by l.
1
Calculate the remainder when 6 + (-3)/(-2)*13440/72 is divided by 254.
32
Suppose -336 = 3*o - 21. Let u = o - -173. Calculate the remainder when u is divided by ((-26)/117 - (-200)/9) + -3.
11
Suppose 5*w - 255 = -b + 6*b, -4*w + 174 = b. What is the remainder when 493 is divided by w?
43
Suppose -140*y = -4*d - 137*y + 7033, -d + 1764 = 5*y. What is the remainder when d is divided by 126?
121
Let r = 3295 + -2387. Calculate the remainder when r is divided by 152.
148
Let v(a) = 23*a - 44. Let b(x) = 16*x - 29. Let u(k) = 7*b(k) - 5*v(k). Calculate the remainder when 10 is divided by u(4).
0
Let b(y) = 3*y**2 + 45*y - 187. Calculate the remainder when b(-27) is divided by 66.
59
Suppose -273*n + 130*n = -129*n - 11186. What is the remainder when n is divided by 8?
7
Let f(h) = -h**3 - 53*h**2 + 100*h + 391. What is the remainder when f(-55) is divided by 20?
1
Suppose -7*o = -10*o + 3, -9399 = -5*i + o. Calculate the remainder when i is divided by 13.
8
Let t(k) = -2*k**3 - 17*k**2 - 5*k - 119. What is the remainder when 132 is divided by t(-9)?
6
What is the remainder when (976 - 28) + (11 - -9) is divided by 63?
23
Suppose -7*o + 380 = 44. Suppose -49*l + o*l = -2. Suppose 